{"id":177,"date":"2024-06-14T12:48:04","date_gmt":"2024-06-14T10:48:04","guid":{"rendered":"http:\/\/644256.test-my-website.de\/medienbildung\/?page_id=177"},"modified":"2025-11-06T16:55:05","modified_gmt":"2025-11-06T15:55:05","slug":"kontakt","status":"publish","type":"page","link":"https:\/\/fd-medienbildung.de\/?page_id=177","title":{"rendered":"Kontakt"},"content":{"rendered":"\n<p>Melden Sie sich gerne f\u00fcr ein individuelles Angebot bei mir. Sollten Sie eine bestimmte Frage- oder Problemstellung haben und noch nicht genau wissen, welche Form von medienp\u00e4dagogischem Angebot sinnvoll w\u00e4re, k\u00f6nnen Sie mich auch gerne ansprechen. Ich berate Sie unverbindlich und suche gemeinsam mit Ihnen nach dem besten Weg.<\/p>\n\n\n\n<p><strong>Frank Daxer<\/strong><br>0177 3293701<br><a href=\"mailto:medien.bildung@fd-projects.de\" target=\"_blank\" rel=\"noreferrer noopener nofollow\">medien.bildung@fd-projects.de<\/a><\/p>\n","protected":false},"excerpt":{"rendered":"<p>Melden Sie sich gerne f\u00fcr ein individuelles Angebot bei mir. Sollten Sie eine bestimmte Frage- oder Problemstellung haben und noch nicht genau wissen, welche Form von medienp\u00e4dagogischem Angebot sinnvoll w\u00e4re, k\u00f6nnen Sie mich auch gerne ansprechen. Ich berate Sie unverbindlich und suche gemeinsam mit Ihnen nach dem besten Weg. Frank Daxer0177 3293701medien.bildung@fd-projects.de<\/p>\n","protected":false},"author":1,"featured_media":5,"parent":0,"menu_order":0,"comment_status":"closed","ping_status":"closed","template":"","meta":{"footnotes":""},"class_list":["post-177","page","type-page","status-publish","has-post-thumbnail","hentry"],"_links":{"self":[{"href":"https:\/\/fd-medienbildung.de\/index.php?rest_route=\/wp\/v2\/pages\/177","targetHints":{"allow":["GET"]}}],"collection":[{"href":"https:\/\/fd-medienbildung.de\/index.php?rest_route=\/wp\/v2\/pages"}],"about":[{"href":"https:\/\/fd-medienbildung.de\/index.php?rest_route=\/wp\/v2\/types\/page"}],"author":[{"embeddable":true,"href":"https:\/\/fd-medienbildung.de\/index.php?rest_route=\/wp\/v2\/users\/1"}],"replies":[{"embeddable":true,"href":"https:\/\/fd-medienbildung.de\/index.php?rest_route=%2Fwp%2Fv2%2Fcomments&post=177"}],"version-history":[{"count":5,"href":"https:\/\/fd-medienbildung.de\/index.php?rest_route=\/wp\/v2\/pages\/177\/revisions"}],"predecessor-version":[{"id":220,"href":"https:\/\/fd-medienbildung.de\/index.php?rest_route=\/wp\/v2\/pages\/177\/revisions\/220"}],"wp:featuredmedia":[{"embeddable":true,"href":"https:\/\/fd-medienbildung.de\/index.php?rest_route=\/wp\/v2\/media\/5"}],"wp:attachment":[{"href":"https:\/\/fd-medienbildung.de\/index.php?rest_route=%2Fwp%2Fv2%2Fmedia&parent=177"}],"curies":[{"name":"wp","href":"https:\/\/api.w.org\/{rel}","templated":true}]}}

<p>Melden Sie sich gerne für ein individuelles Angebot bei mir. Sollten Sie eine bestimmte Frage- oder Problemstellung haben und noch nicht genau wissen, welche Form von medienpädagogischem Angebot sinnvoll wäre, können Sie mich auch gerne ansprechen. Ich berate Sie unverbindlich und suche gemeinsam mit Ihnen nach dem besten Weg.</p>



<p><strong>Frank Daxer</strong><br>0177 3293701<br><a href="mailto:medien.bildung@fd-projects.de" target="_blank" rel="noreferrer noopener nofollow">medien.bildung@fd-projects.de</a></p>

<p>Melden Sie sich gerne für ein individuelles Angebot bei mir. Sollten Sie eine bestimmte Frage- oder Problemstellung haben und noch nicht genau wissen, welche Form von medienpädagogischem Angebot sinnvoll wäre, können Sie mich auch gerne ansprechen. Ich berate Sie unverbindlich und suche gemeinsam mit Ihnen nach dem besten Weg. Frank Daxer0177 3293701medien.bildung@fd-projects.de</p>
