{"id":134,"date":"2023-06-20T10:05:51","date_gmt":"2023-06-20T08:05:51","guid":{"rendered":"http:\/\/644256.test-my-website.de\/medienbildung\/?page_id=134"},"modified":"2025-03-23T22:04:43","modified_gmt":"2025-03-23T21:04:43","slug":"angebote","status":"publish","type":"page","link":"https:\/\/fd-medienbildung.de\/?page_id=134","title":{"rendered":"Angebote"},"content":{"rendered":"\n<h2 class=\"wp-block-heading\">Vortr\u00e4ge<\/h2>\n\n\n\n<ul class=\"wp-block-list\">\n<li>F\u00fcr p\u00e4dagogische Fachkr\u00e4fte<\/li>\n\n\n\n<li>F\u00fcr Lehrer:innen<\/li>\n\n\n\n<li>F\u00fcr Eltern<\/li>\n\n\n\n<li>F\u00fcr Jugendliche &#8211; Interaktive Pr\u00e4sentationen zu aktuellen Themen<\/li>\n<\/ul>\n\n\n\n<h2 class=\"wp-block-heading\">Seminare<\/h2>\n\n\n\n<ul class=\"wp-block-list\">\n<li>Schulungen f\u00fcr p\u00e4dagogische Einrichtungen<\/li>\n\n\n\n<li>Praxisorientierte Fortbildungen f\u00fcr p\u00e4dagogische Fachkr\u00e4fte<\/li>\n\n\n\n<li>Seminare f\u00fcr Lehrer:innen<\/li>\n\n\n\n<li>Medienbildung f\u00fcr Kinder und Familien<\/li>\n\n\n\n<li>Medienbildung f\u00fcr Jugendliche<\/li>\n<\/ul>\n\n\n\n<h2 class=\"wp-block-heading\">Konzeptionsentwicklung<\/h2>\n\n\n\n<ul class=\"wp-block-list\">\n<li>Erarbeitung von medienp\u00e4dagogischen Konzepten<\/li>\n\n\n\n<li>Entwicklung von Praxismodulen f\u00fcr die p\u00e4dagogische Arbeit<\/li>\n\n\n\n<li>Erstellung von individuellen Leitf\u00e4den und Anleitungen f\u00fcr den Medieneinsatz<\/li>\n<\/ul>\n\n\n\n<h2 class=\"wp-block-heading\">Beratung<\/h2>\n\n\n\n<ul class=\"wp-block-list\">\n<li>Beratung von p\u00e4dagogischen Einrichtungen zu Medienbildung und digitaler Transformation <\/li>\n\n\n\n<li>Praxisberatung von p\u00e4dagogischen Fachkr\u00e4ften<\/li>\n\n\n\n<li>Hilfen f\u00fcr Eltern<\/li>\n\n\n\n<li>Beratung f\u00fcr Vereine, Verb\u00e4nde, gemeinn\u00fctzige Organisationen<\/li>\n<\/ul>\n\n\n\n<hr class=\"wp-block-separator has-alpha-channel-opacity\"\/>\n\n\n\n<h2 class=\"wp-block-heading\">Thematische Schwerpunkte<\/h2>\n\n\n\n<ul class=\"wp-block-list\">\n<li>Medienkompetenzen<\/li>\n\n\n\n<li>Digitale Transformationsprozesse in der Arbeit mit Kindern und Jugendlichen<\/li>\n\n\n\n<li>Gefahren und Risiken der Mediennutzung<\/li>\n\n\n\n<li>Entwicklungschancen im Umgang mit Medien<\/li>\n\n\n\n<li>Medienp\u00e4dagogische Methoden<\/li>\n\n\n\n<li>Digitalgest\u00fctzte kooperative Zusammenarbeit &#8211; Kollaboration<\/li>\n\n\n\n<li>Gaming und Gamification<\/li>\n\n\n\n<li>Social Media: Praxisorientierter Umgang, Kommunikationskonzepte, \u00d6ffentlichkeitsarbeit<\/li>\n<\/ul>\n\n\n\n<div style=\"height:50px\" aria-hidden=\"true\" class=\"wp-block-spacer\"><\/div>\n\n\n\n<figure class=\"wp-block-image\"><img loading=\"lazy\" decoding=\"async\" width=\"1024\" height=\"538\" src=\"https:\/\/fd-medienbildung.de\/medienbildung\/fd\/wp-content\/uploads\/2024\/06\/Netzwerk-Kirche-1024x538.png\" alt=\"\" class=\"wp-image-184\" srcset=\"https:\/\/fd-medienbildung.de\/fd\/wp-content\/uploads\/2024\/06\/Netzwerk-Kirche-1024x538.png 1024w, https:\/\/fd-medienbildung.de\/fd\/wp-content\/uploads\/2024\/06\/Netzwerk-Kirche-300x158.png 300w, https:\/\/fd-medienbildung.de\/fd\/wp-content\/uploads\/2024\/06\/Netzwerk-Kirche-768x403.png 768w, https:\/\/fd-medienbildung.de\/fd\/wp-content\/uploads\/2024\/06\/Netzwerk-Kirche.png 1200w\" sizes=\"auto, (max-width: 767px) 89vw, (max-width: 1000px) 54vw, (max-width: 1071px) 543px, 580px\" \/><\/figure>\n\n\n\n<h2 class=\"wp-block-heading\">Besondere Angebote zur Medienbildung im kirchlichen Kontext<\/h2>\n\n\n\n<ul class=\"wp-block-list\">\n<li>Beratung von Kirchengemeinden und anderen kirchlichen Institutionen<\/li>\n\n\n\n<li>Angebote f\u00fcr die kirchliche Kinder- und Jugendarbeit<\/li>\n\n\n\n<li>Kommunikation, Verk\u00fcndigung, \u00d6ffentlichkeitsarbeit<\/li>\n\n\n\n<li>Digitale Medien im Gottesdienst<\/li>\n\n\n\n<li>Beratung f\u00fcr Anschaffungen von technischer Ausstattung<\/li>\n<\/ul>\n\n\n\n<p><\/p>\n","protected":false},"excerpt":{"rendered":"<p>Vortr\u00e4ge Seminare Konzeptionsentwicklung Beratung Thematische Schwerpunkte Besondere Angebote zur Medienbildung im kirchlichen Kontext<\/p>\n","protected":false},"author":1,"featured_media":150,"parent":0,"menu_order":0,"comment_status":"closed","ping_status":"closed","template":"","meta":{"footnotes":""},"class_list":["post-134","page","type-page","status-publish","has-post-thumbnail","hentry"],"_links":{"self":[{"href":"https:\/\/fd-medienbildung.de\/index.php?rest_route=\/wp\/v2\/pages\/134","targetHints":{"allow":["GET"]}}],"collection":[{"href":"https:\/\/fd-medienbildung.de\/index.php?rest_route=\/wp\/v2\/pages"}],"about":[{"href":"https:\/\/fd-medienbildung.de\/index.php?rest_route=\/wp\/v2\/types\/page"}],"author":[{"embeddable":true,"href":"https:\/\/fd-medienbildung.de\/index.php?rest_route=\/wp\/v2\/users\/1"}],"replies":[{"embeddable":true,"href":"https:\/\/fd-medienbildung.de\/index.php?rest_route=%2Fwp%2Fv2%2Fcomments&post=134"}],"version-history":[{"count":9,"href":"https:\/\/fd-medienbildung.de\/index.php?rest_route=\/wp\/v2\/pages\/134\/revisions"}],"predecessor-version":[{"id":204,"href":"https:\/\/fd-medienbildung.de\/index.php?rest_route=\/wp\/v2\/pages\/134\/revisions\/204"}],"wp:featuredmedia":[{"embeddable":true,"href":"https:\/\/fd-medienbildung.de\/index.php?rest_route=\/wp\/v2\/media\/150"}],"wp:attachment":[{"href":"https:\/\/fd-medienbildung.de\/index.php?rest_route=%2Fwp%2Fv2%2Fmedia&parent=134"}],"curies":[{"name":"wp","href":"https:\/\/api.w.org\/{rel}","templated":true}]}}

<h2 class="wp-block-heading">Vorträge</h2>



<ul class="wp-block-list">
<li>Für pädagogische Fachkräfte</li>



<li>Für Lehrer:innen</li>



<li>Für Eltern</li>



<li>Für Jugendliche &#8211; Interaktive Präsentationen zu aktuellen Themen</li>
</ul>



<h2 class="wp-block-heading">Seminare</h2>



<ul class="wp-block-list">
<li>Schulungen für pädagogische Einrichtungen</li>



<li>Praxisorientierte Fortbildungen für pädagogische Fachkräfte</li>



<li>Seminare für Lehrer:innen</li>



<li>Medienbildung für Kinder und Familien</li>



<li>Medienbildung für Jugendliche</li>
</ul>



<h2 class="wp-block-heading">Konzeptionsentwicklung</h2>



<ul class="wp-block-list">
<li>Erarbeitung von medienpädagogischen Konzepten</li>



<li>Entwicklung von Praxismodulen für die pädagogische Arbeit</li>



<li>Erstellung von individuellen Leitfäden und Anleitungen für den Medieneinsatz</li>
</ul>



<h2 class="wp-block-heading">Beratung</h2>



<ul class="wp-block-list">
<li>Beratung von pädagogischen Einrichtungen zu Medienbildung und digitaler Transformation </li>



<li>Praxisberatung von pädagogischen Fachkräften</li>



<li>Hilfen für Eltern</li>



<li>Beratung für Vereine, Verbände, gemeinnützige Organisationen</li>
</ul>



<hr class="wp-block-separator has-alpha-channel-opacity"/>



<h2 class="wp-block-heading">Thematische Schwerpunkte</h2>



<ul class="wp-block-list">
<li>Medienkompetenzen</li>



<li>Digitale Transformationsprozesse in der Arbeit mit Kindern und Jugendlichen</li>



<li>Gefahren und Risiken der Mediennutzung</li>



<li>Entwicklungschancen im Umgang mit Medien</li>



<li>Medienpädagogische Methoden</li>



<li>Digitalgestützte kooperative Zusammenarbeit &#8211; Kollaboration</li>



<li>Gaming und Gamification</li>



<li>Social Media: Praxisorientierter Umgang, Kommunikationskonzepte, Öffentlichkeitsarbeit</li>
</ul>



<div style="height:50px" aria-hidden="true" class="wp-block-spacer"></div>



<figure class="wp-block-image"><img loading="lazy" decoding="async" width="1024" height="538" src="https://fd-medienbildung.de/medienbildung/fd/wp-content/uploads/2024/06/Netzwerk-Kirche-1024x538.png" alt="" class="wp-image-184" srcset="https://fd-medienbildung.de/fd/wp-content/uploads/2024/06/Netzwerk-Kirche-1024x538.png 1024w, https://fd-medienbildung.de/fd/wp-content/uploads/2024/06/Netzwerk-Kirche-300x158.png 300w, https://fd-medienbildung.de/fd/wp-content/uploads/2024/06/Netzwerk-Kirche-768x403.png 768w, https://fd-medienbildung.de/fd/wp-content/uploads/2024/06/Netzwerk-Kirche.png 1200w" sizes="auto, (max-width: 767px) 89vw, (max-width: 1000px) 54vw, (max-width: 1071px) 543px, 580px" /></figure>



<h2 class="wp-block-heading">Besondere Angebote zur Medienbildung im kirchlichen Kontext</h2>



<ul class="wp-block-list">
<li>Beratung von Kirchengemeinden und anderen kirchlichen Institutionen</li>



<li>Angebote für die kirchliche Kinder- und Jugendarbeit</li>



<li>Kommunikation, Verkündigung, Öffentlichkeitsarbeit</li>



<li>Digitale Medien im Gottesdienst</li>



<li>Beratung für Anschaffungen von technischer Ausstattung</li>
</ul>



<p></p>

<p>Vorträge Seminare Konzeptionsentwicklung Beratung Thematische Schwerpunkte Besondere Angebote zur Medienbildung im kirchlichen Kontext</p>
