{"id":12,"date":"2019-05-01T21:53:58","date_gmt":"2019-05-01T19:53:58","guid":{"rendered":"http:\/\/644256.test-my-website.de\/medienbildung\/fd\/?page_id=12"},"modified":"2025-03-23T22:10:02","modified_gmt":"2025-03-23T21:10:02","slug":"ueber-mich","status":"publish","type":"page","link":"https:\/\/fd-medienbildung.de\/?page_id=12","title":{"rendered":"\u00dcber mich"},"content":{"rendered":"\n<h2 class=\"wp-block-heading\">Frank Daxer<\/h2>\n\n\n\n<p>Digitale Medien sind meine Leidenschaft. Seit meiner Jugend begleiten und faszinieren sie mich. Neben der vielseitigen Nutzung und Anwendung im beruflichen und im privaten Kontext interessieren mich besonders die gesellschaftlichen, philosophischen und ethischen Fragestellungen, die damit einhergehen.<\/p>\n\n\n\n<p>Im Rahmen meiner umfassenden p\u00e4dagogischen Ausbildung und Praxis habe ich mich intensiv mit Medienbildung auseinandergesetzt und zahlreiche Erfahrungen in unterschiedlichsten Projekten gesammelt.<\/p>\n\n\n\n<p>Dar\u00fcber hinaus bin ich Mitglied der GMK, der Gesellschaft f\u00fcr Medienp\u00e4dagogik und Kommunikationskultur, dem Fachverband f\u00fcr Medienp\u00e4dagogik und Medienbildung: <a href=\"http:\/\/www.gmk-net.de\" target=\"_blank\" rel=\"noreferrer noopener\">www.gmk-net.de<\/a><\/p>\n\n\n\n<p><strong>Berufliche Vita<\/strong><br>Seit 2022 freier Mitarbeiter beim BfM B\u00fcro f\u00fcr Medienbildung gGmbH in Darmstadt: <a href=\"https:\/\/www.bf-medienbildung.de\/\" target=\"_blank\" rel=\"noreferrer noopener\">www.bf-medienbildung.de<\/a><\/p>\n\n\n\n<p>Seit 2005 im Gemeindep\u00e4dagogischen Dienst der Evangelischen Kirche in Hessen und Nassau t\u00e4tig; seit 2013 als Referent im Evangelischen Stadtjugendpfarramt Frankfurt und Offenbach unter anderem zust\u00e4ndig f\u00fcr Medienbildung und \u00d6ffentlichkeitsarbeit: <a href=\"https:\/\/staju-ffm-of.de\/\" target=\"_blank\" rel=\"noreferrer noopener\">www.staju-ffm-of.de<\/a><\/p>\n\n\n\n<p><strong>Abschl\u00fcsse<\/strong><br>Diplom Religionsp\u00e4dagoge<br>Magister in P\u00e4dagogik, Theologie und Soziologie<\/p>\n\n\n\n<p><strong>Au\u00dferdem<\/strong><br>Zuhause im Rhein-Main-Gebiet, verheiratet, Vater zweier T\u00f6chter, passionierter Musiker, begeisterter Gamer (am PC und am Tisch). <br><\/p>\n\n\n\n<p><br><\/p>\n\n\n\n<p><\/p>\n","protected":false},"excerpt":{"rendered":"<p>Frank Daxer Digitale Medien sind meine Leidenschaft. Seit meiner Jugend begleiten und faszinieren sie mich. Neben der vielseitigen Nutzung und Anwendung im beruflichen und im privaten Kontext interessieren mich besonders die gesellschaftlichen, philosophischen und ethischen Fragestellungen, die damit einhergehen. Im Rahmen meiner umfassenden p\u00e4dagogischen Ausbildung und Praxis habe ich mich intensiv mit Medienbildung auseinandergesetzt und &hellip; <\/p>\n<p class=\"link-more\"><a href=\"https:\/\/fd-medienbildung.de\/?page_id=12\" class=\"more-link\"><span class=\"screen-reader-text\">\u201e\u00dcber mich\u201c <\/span>weiterlesen<\/a><\/p>\n","protected":false},"author":1,"featured_media":98,"parent":0,"menu_order":0,"comment_status":"closed","ping_status":"closed","template":"","meta":{"footnotes":""},"class_list":["post-12","page","type-page","status-publish","has-post-thumbnail","hentry"],"_links":{"self":[{"href":"https:\/\/fd-medienbildung.de\/index.php?rest_route=\/wp\/v2\/pages\/12","targetHints":{"allow":["GET"]}}],"collection":[{"href":"https:\/\/fd-medienbildung.de\/index.php?rest_route=\/wp\/v2\/pages"}],"about":[{"href":"https:\/\/fd-medienbildung.de\/index.php?rest_route=\/wp\/v2\/types\/page"}],"author":[{"embeddable":true,"href":"https:\/\/fd-medienbildung.de\/index.php?rest_route=\/wp\/v2\/users\/1"}],"replies":[{"embeddable":true,"href":"https:\/\/fd-medienbildung.de\/index.php?rest_route=%2Fwp%2Fv2%2Fcomments&post=12"}],"version-history":[{"count":14,"href":"https:\/\/fd-medienbildung.de\/index.php?rest_route=\/wp\/v2\/pages\/12\/revisions"}],"predecessor-version":[{"id":214,"href":"https:\/\/fd-medienbildung.de\/index.php?rest_route=\/wp\/v2\/pages\/12\/revisions\/214"}],"wp:featuredmedia":[{"embeddable":true,"href":"https:\/\/fd-medienbildung.de\/index.php?rest_route=\/wp\/v2\/media\/98"}],"wp:attachment":[{"href":"https:\/\/fd-medienbildung.de\/index.php?rest_route=%2Fwp%2Fv2%2Fmedia&parent=12"}],"curies":[{"name":"wp","href":"https:\/\/api.w.org\/{rel}","templated":true}]}}

Über mich

<h2 class="wp-block-heading">Frank Daxer</h2>



<p>Digitale Medien sind meine Leidenschaft. Seit meiner Jugend begleiten und faszinieren sie mich. Neben der vielseitigen Nutzung und Anwendung im beruflichen und im privaten Kontext interessieren mich besonders die gesellschaftlichen, philosophischen und ethischen Fragestellungen, die damit einhergehen.</p>



<p>Im Rahmen meiner umfassenden pädagogischen Ausbildung und Praxis habe ich mich intensiv mit Medienbildung auseinandergesetzt und zahlreiche Erfahrungen in unterschiedlichsten Projekten gesammelt.</p>



<p>Darüber hinaus bin ich Mitglied der GMK, der Gesellschaft für Medienpädagogik und Kommunikationskultur, dem Fachverband für Medienpädagogik und Medienbildung: <a href="http://www.gmk-net.de" target="_blank" rel="noreferrer noopener">www.gmk-net.de</a></p>



<p><strong>Berufliche Vita</strong><br>Seit 2022 freier Mitarbeiter beim BfM Büro für Medienbildung gGmbH in Darmstadt: <a href="https://www.bf-medienbildung.de/" target="_blank" rel="noreferrer noopener">www.bf-medienbildung.de</a></p>



<p>Seit 2005 im Gemeindepädagogischen Dienst der Evangelischen Kirche in Hessen und Nassau tätig; seit 2013 als Referent im Evangelischen Stadtjugendpfarramt Frankfurt und Offenbach unter anderem zuständig für Medienbildung und Öffentlichkeitsarbeit: <a href="https://staju-ffm-of.de/" target="_blank" rel="noreferrer noopener">www.staju-ffm-of.de</a></p>



<p><strong>Abschlüsse</strong><br>Diplom Religionspädagoge<br>Magister in Pädagogik, Theologie und Soziologie</p>



<p><strong>Außerdem</strong><br>Zuhause im Rhein-Main-Gebiet, verheiratet, Vater zweier Töchter, passionierter Musiker, begeisterter Gamer (am PC und am Tisch). <br></p>



<p><br></p>



<p></p>

<p>Frank Daxer Digitale Medien sind meine Leidenschaft. Seit meiner Jugend begleiten und faszinieren sie mich. Neben der vielseitigen Nutzung und Anwendung im beruflichen und im privaten Kontext interessieren mich besonders die gesellschaftlichen, philosophischen und ethischen Fragestellungen, die damit einhergehen. Im Rahmen meiner umfassenden pädagogischen Ausbildung und Praxis habe ich mich intensiv mit Medienbildung auseinandergesetzt und &hellip; </p>
<p class="link-more"><a href="https://fd-medienbildung.de/?page_id=12" class="more-link"><span class="screen-reader-text">„Über mich“ </span>weiterlesen</a></p>
